. Suppose 3*h + l - 2034 = h, -i = -5*h - 4*l. Calculate the remainder when 69 is divided by h/42 - 2/12.
21
Let n be ((-112)/3)/((-50)/9075). Suppose 4*c - 32*c = -n. What is the remainder when c is divided by 61?
59
Let i be (-12)/42 + 12/42. Suppose -160 = -6*y + y. Calculate the remainder when 48 is divided by -5 - (i + (2 - y)).
23
Suppose -2*j + 462 = 56. Let a(g) = -g**3 + 77*g**2 - 432*g + 47. What is the remainder when j is divided by a(6)?
5
Suppose -13*w = -3*q - 9*w + 34, -2*w + 18 = q. What is the remainder when ((-82)/8)/(1/(-4)) is divided by q?
13
What is the remainder when 587 is divided by (-1108)/(-4) - (170 - 162)?
49
Suppose n = -i + 1157, -26*n = -28*n - 5*i + 2314. Let x = n + -830. Calculate the remainder when x is divided by 37.
31
Suppose 2052 = -4*s + 31*s. Suppose -74*g + s*g = 236. What is the remainder when g is divided by 24?
22
Let q(r) = -58*r**3 - 16*r**2 - 33*r + 7. What is the remainder when q(-4) is divided by 33?
31
Let g = -8617 + 18067. Calculate the remainder when g is divided by 305.
300
Suppose m - 2*v - 7 = 0, m + 5*v + 7 = -0*m. Suppose 0 = 2*h - 8, -4*j + h = -j - 329. Suppose 11*o + 23 = j. Calculate the remainder when o is divided by m.
2
Suppose -3*f + 76 = -5*x, 43 = 2*f - 4*x - 9. Calculate the remainder when 4 - (16/3)/(1/(-36)) is divided by f.
20
Suppose 226 = 3*l + 5*m - 102, 426 = 4*l + m. Suppose -3*p + 9 + 153 = 0. Calculate the remainder when l is divided by p.
52
Suppose 14*o = 12*o - 8, -2*c + 92 = -o. Calculate the remainder when c is divided by (-1)/((77/(-28))/11).
0
Let m = -400 - -309. Let t = -71 - m. What is the remainder when 97 is divided by t?
17
Suppose -4*b = -208 - 72. Suppose 5*w = -8 - 12, 2*i + 1244 = w. Let k = i - -661. What is the remainder when b is divided by k?
33
What is the remainder when (-3 + 2 + -1 + 1)/((-2)/464) is divided by 78?
76
Let q = 61 - 16. Let t be 28/(-12)*(-12)/4. Let i = 23 - t. What is the remainder when q is divided by i?
13
Let m be (((-210)/(-4))/(-1))/((-10)/(-20)). Let j be (-10)/m*-6*14/(-4). Suppose j*n - 168 = -6*n. Calculate the remainder when n is divided by 13.
8
Let x(j) = -41*j - 6. Suppose 12394 = -1130*z + 50814. Calculate the remainder when x(-5) is divided by z.
29
Suppose 3*c + 2*g - 14 = 0, -c + 3*g - 7 = -2*c. Let p(i) = i**2 + 5*i + 7. Calculate the remainder when 38/(c/(2 + 0)) is divided by p(0).
5
Suppose 2*d - 10 + 0 = 2*l, -5*d + 7 = 4*l. Suppose 3*a + 6 = 0, 2*n + 8 = -a - d*a. Suppose 7*x + x - 80 = n. What is the remainder when 55 is divided by x?
5
Let w(r) = -2*r**3 + 15*r**2 + 8*r - 72. What is the remainder when 848 is divided by w(7)?
23
Let j = -2813 - -3154. What is the remainder when j is divided by 97?
50
What is the remainder when 3357 is divided by (11/4 - (-7155)/(-1060))/((-1)/2)?
5
Suppose 0 = k + 8 - 12. Let u(z) = z - 16. Let o be u(k). Calculate the remainder when 13 is divided by 636/63 + o/126.
3
Let k = 132 + -129. What is the remainder when 268 is divided by (k*50/(-105))/((-2)/42)?
28
Let k(f) = -f**3 + 8*f**2 + 26*f - 49. What is the remainder when 266 is divided by k(10)?
2
Let p = -32 + 36. Suppose -6 + 34 = -p*z. What is the remainder when 39 is divided by z/(91/(-132)) - (-6)/(-39)?
9
Let n(x) = -134*x + 171. Let w = 417 + -335. Calculate the remainder when n(-3) is divided by w.
81
Calculate the remainder when 101 is divided by (-72816)/(-2812) + (-1)/(-4) + (-44)/304.
23
Let b = 11557 + -11534. Suppose -3*r = -4*w - 552, 5*r - 2*w = -w + 903. Calculate the remainder when r is divided by b.
19
Let i(c) = 5*c - 45. Let g be i(24). Calculate the remainder when 202 is divided by g/10*(-34)/(-5).
49
Suppose 9*i = 7*i. Let c(g) = 2*g + 62. Calculate the remainder when c(i) is divided by 9.
8
Let u = 32 - 12. Let n = 46 - u. Let x = -189 - -196. What is the remainder when n is divided by x?
5
Let z(o) = -o**2 - 5*o. Let l be z(-5). Let v be 22/110 + 54/30. Calculate the remainder when (l + 64/4)/(1/v) is divided by 5.
2
Let y(b) = -b**2. Let f be y(0). Suppose f = -5*s + 2*s + 78. Suppose 3*a - s = 40. What is the remainder when 64 is divided by a?
20
Let g be (4/2)/((-10)/(-35)). Let i(y) = 6*y - 32. Calculate the remainder when 22 is divided by i(g).
2
Let t = 552 - 48. Suppose -4*m - 20*m + t = 0. Calculate the remainder when 140 is divided by m.
14
Suppose 12 = -3*l, 2*l - 4 = 2*q + 3*l. Suppose q = 5*p - 8 - 32. What is the remainder when ((-66)/(-9))/(p/60) is divided by 20?
15
Let v(f) = f**3 + 6*f**2 - 511*f - 15. Calculate the remainder when 1318 is divided by v(20).
163
Let q be (8/3)/((-1)/(-18)). Let n(g) = g**3 + g**2 - 40*g + 130. Let m be n(4). Let k = m - q. What is the remainder when k is divided by 2?
0
Suppose -23 = -5*a - 8. Suppose -3*o = a*g, -2*g + 5 = 3*o - 4*g. Let w(v) = 2*v**3 - 6*v**2 - 224*v + 1021. What is the remainder when o is divided by w(5)?
0
Let q be 366/9 + (-2)/3. Suppose 3*p + p = -4*t + 48, 4*t - q = 4*p. Let a = -28321 - -28385. What is the remainder when a is divided by t?
9
Let o(x) = -7*x + 171. What is the remainder when o(4) is divided by 20?
3
Let c be (-98)/21*3*(-2 - -1). Let j(x) = -31*x + c*x - 10 - x**2 + 31*x. Calculate the remainder when j(9) is divided by 12.
11
Calculate the remainder when 217 is divided by (36/(-18)*-1)/(1/1).
1
Let a(u) = -5*u - 38. Let v(c) = -c**3 - 7*c**2 - 5*c - 8. Let l be v(-6). Let j be (-2)/(l/8 - (-7 - -5)). Calculate the remainder when 28 is divided by a(j).
0
Let d(j) = 15*j - 69. Let q be d(-10). Let z = q + 253. What is the remainder when 134 is divided by z?
32
Suppose 3*j - 4*j = -2*v + 101, 3*j + 15 = 0. What is the remainder when 422 is divided by v?
38
Let w = 175 - 223. Let k = w + 51. What is the remainder when 10 is divided by k?
1
Suppose -3*i - 3*u = -90, -5*i + 121 = 4*u - 31. Suppose 2*n = 3*y - 8*y + 19, n = -5*y + 12. Calculate the remainder when i is divided by n.
4
Suppose 0*t - 5 = t, 565 = -5*l - 5*t. Let p = 165 + l. Let q = -46 + p. What is the remainder when 74 is divided by q?
8
Suppose 234*b - 15925 = 25259. What is the remainder when 814 is divided by b?
110
Suppose -m - 21 = -69. Let z = 931 + -630. Let c = 444 - z. What is the remainder when c is divided by m?
47
Let z(y) = -4251*y - 2684. Calculate the remainder when z(-6) is divided by 83.
80
Let i be 8/16 + 18/(-4). Calculate the remainder when (i - -80)/(3 + 3 + -4) is divided by (22/(-3))/(6/(-9)).
5
Let o = -2327 - -2372. Suppose -5*v + 7 = -a, -v + 11 = 3*a - 16. What is the remainder when o is divided by a?
5
Let f = -50 + 104. Let g = 60 + -96. Let p(m) = m**2 + 39*m + 115. Calculate the remainder when f is divided by p(g).
5
Suppose -3*d = 3*a - 72, 0 = 5*d - 2*a - 420 + 279. Calculate the remainder when 1158 is divided by d.
24
Let z(i) = -3*i**2 + 105*i + 111. Let y be z(35). Suppose -y*t - 26 = -113*t. Calculate the remainder when 179 is divided by t.
10
Suppose 320 = 3*i + 2*i. Let v = 294568 + -294383. What is the remainder when v is divided by i?
57
Suppose -16*u + 13*u = 0. Suppose -10*f + 0*f + 2720 = u. Suppose 0 = 5*a - 47 - 148. What is the remainder when f is divided by a?
38
Let x(v) = v**3 - 6*v**2 - 15*v + 321. What is the remainder when x(14) is divided by 28?
27
Let j = 2104 - 1979. Calculate the remainder when j is divided by 3/(-2)*(-364)/21.
21
Let o(c) be the first derivative of -3/2*c**2 + 1/3*c**3 + 0*c + 20. What is the remainder when 49 is divided by o(5)?
9
Let b(f) = -f**3 - 8*f**2 + 18*f - 6. Let j be (-10)/20*(0 + 0). Suppose j = z + 4*z - 185. Calculate the remainder when z is divided by b(-10).
9
Let f be 9821/46*(-8)/(-7). Suppose -231*i - 780 = -f*i. Calculate the remainder when i is divided by 7.
4
Suppose -13*l - 299 = -17*l - 5*q, 2*l + 4*q = 154. Calculate the remainder when 723 is divided by l.
13
What is the remainder when 16 + 1074 + 5/((0 - 2) + 3) is divided by 137?
136
Suppose 1248*j - 544 = 1246*j. Suppose -105*l = -113*l + j. What is the remainder when l is divided by 19?
15
Let t(j) = -3*j**3 + 13*j**2 + 18*j - 19. Let p = -1013 - -1018. Let r(u) = 2*u**2 + u. Calculate the remainder when t(p) is divided by r(-2).
3
Suppose -3*i + 9*k - 8*k + 33 = 0, 5*k - 75 = -5*i. Let v(t) = -6*t - 31. What is the remainder when v(-10) is divided by i?
5
Let q(t) = t**3 - 10*t**2 + 